{"id":9647,"date":"2025-03-13T17:45:37","date_gmt":"2025-03-13T16:45:37","guid":{"rendered":"https:\/\/www.objectifimage-95.fr\/?page_id=9647"},"modified":"2025-09-08T13:46:21","modified_gmt":"2025-09-08T11:46:21","slug":"accueil-bis","status":"publish","type":"page","link":"https:\/\/www.objectifimage-95.fr\/","title":{"rendered":"Accueil"},"content":{"rendered":"\t\t<div data-elementor-type=\"wp-page\" data-elementor-id=\"9647\" class=\"elementor elementor-9647\">\n\t\t\t\t<div class=\"elementor-element elementor-element-c3f1dcf e-flex e-con-boxed e-con e-parent\" data-id=\"c3f1dcf\" data-element_type=\"container\" data-e-type=\"container\">\n\t\t\t\t\t<div class=\"e-con-inner\">\n\t\t<div class=\"elementor-element elementor-element-8c68ce4 e-con-full e-flex e-con e-child\" data-id=\"8c68ce4\" data-element_type=\"container\" data-e-type=\"container\">\n\t\t\t\t<div class=\"elementor-element elementor-element-3c55944 animated-fast elementor-arrows-position-inside elementor-pagination-position-outside elementor-widget elementor-widget-image-carousel\" data-id=\"3c55944\" data-element_type=\"widget\" data-e-type=\"widget\" data-settings=\"{&quot;slides_to_show&quot;:&quot;1&quot;,&quot;_animation&quot;:&quot;none&quot;,&quot;navigation&quot;:&quot;both&quot;,&quot;autoplay&quot;:&quot;yes&quot;,&quot;pause_on_hover&quot;:&quot;yes&quot;,&quot;pause_on_interaction&quot;:&quot;yes&quot;,&quot;autoplay_speed&quot;:5000,&quot;infinite&quot;:&quot;yes&quot;,&quot;effect&quot;:&quot;slide&quot;,&quot;speed&quot;:500}\" data-widget_type=\"image-carousel.default\">\n\t\t\t\t<div class=\"elementor-widget-container\">\n\t\t\t\t\t\t\t<div class=\"elementor-image-carousel-wrapper swiper\" role=\"region\" aria-roledescription=\"carousel\" aria-label=\"Carrousel d\u2019images\" dir=\"ltr\">\n\t\t\t<div class=\"elementor-image-carousel swiper-wrapper swiper-image-stretch\" aria-live=\"off\">\n\t\t\t\t\t\t\t\t<div class=\"swiper-slide\" role=\"group\" aria-roledescription=\"slide\" aria-label=\"1 sur 7\"><figure class=\"swiper-slide-inner\"><img decoding=\"async\" class=\"swiper-slide-image\" src=\"https:\/\/www.objectifimage-95.fr\/wp-content\/uploads\/2025\/02\/40-600x600.jpg\" alt=\"40\" \/><\/figure><\/div><div class=\"swiper-slide\" role=\"group\" aria-roledescription=\"slide\" aria-label=\"2 sur 7\"><figure class=\"swiper-slide-inner\"><img decoding=\"async\" class=\"swiper-slide-image\" src=\"https:\/\/www.objectifimage-95.fr\/wp-content\/uploads\/2025\/02\/33-Jose-C-Chalenge-Vie-urbaine-600x600.jpg\" alt=\"33-Jos\u00e9-C-Vie urbaine - Chine\" \/><\/figure><\/div><div class=\"swiper-slide\" role=\"group\" aria-roledescription=\"slide\" aria-label=\"3 sur 7\"><figure class=\"swiper-slide-inner\"><img decoding=\"async\" class=\"swiper-slide-image\" src=\"https:\/\/www.objectifimage-95.fr\/wp-content\/uploads\/2025\/02\/31-Fabrice-V-Building-600x600.jpg\" alt=\"31-Fabrice-V:Building \u00e0 Tokyo\" \/><\/figure><\/div><div class=\"swiper-slide\" role=\"group\" aria-roledescription=\"slide\" aria-label=\"4 sur 7\"><figure class=\"swiper-slide-inner\"><img decoding=\"async\" class=\"swiper-slide-image\" src=\"https:\/\/www.objectifimage-95.fr\/wp-content\/uploads\/2025\/02\/06-Hilde-H-paysage-urbain-600x600.jpg\" alt=\"06-Hilde-H-paysage urbain\" \/><\/figure><\/div><div class=\"swiper-slide\" role=\"group\" aria-roledescription=\"slide\" aria-label=\"5 sur 7\"><figure class=\"swiper-slide-inner\"><img decoding=\"async\" class=\"swiper-slide-image\" src=\"https:\/\/www.objectifimage-95.fr\/wp-content\/uploads\/2025\/02\/28-J-Pierre.P-Vie-urbaine-600x600.jpg\" alt=\"J-Pierre.P - Vie urbaine - Rue de Tocqueville Paris\" \/><\/figure><\/div><div class=\"swiper-slide\" role=\"group\" aria-roledescription=\"slide\" aria-label=\"6 sur 7\"><figure class=\"swiper-slide-inner\"><img decoding=\"async\" class=\"swiper-slide-image\" src=\"https:\/\/www.objectifimage-95.fr\/wp-content\/uploads\/2025\/02\/Jose-C-5-Pont-Au-Change-600x600.jpg\" alt=\"Jos\u00e9-C : Pont Au Change\" \/><\/figure><\/div><div class=\"swiper-slide\" role=\"group\" aria-roledescription=\"slide\" aria-label=\"7 sur 7\"><figure class=\"swiper-slide-inner\"><img decoding=\"async\" class=\"swiper-slide-image\" src=\"https:\/\/www.objectifimage-95.fr\/wp-content\/uploads\/2025\/02\/37-Jose-C-Challenge-Janvier-600x600.jpg\" alt=\"37-Jos\u00e9-C : Une parte de Hand-Ball - Le tir\" \/><\/figure><\/div>\t\t\t<\/div>\n\t\t\t\t\t\t\t\t\t\t\t\t<div class=\"elementor-swiper-button elementor-swiper-button-prev\" role=\"button\" tabindex=\"0\">\n\t\t\t\t\t\t<svg aria-hidden=\"true\" class=\"e-font-icon-svg e-eicon-chevron-left\" viewBox=\"0 0 1000 1000\" xmlns=\"http:\/\/www.w3.org\/2000\/svg\"><path d=\"M646 125C629 125 613 133 604 142L308 442C296 454 292 471 292 487 292 504 296 521 308 533L604 854C617 867 629 875 646 875 663 875 679 871 692 858 704 846 713 829 713 812 713 796 708 779 692 767L438 487 692 225C700 217 708 204 708 187 708 171 704 154 692 142 675 129 663 125 646 125Z\"><\/path><\/svg>\t\t\t\t\t<\/div>\n\t\t\t\t\t<div class=\"elementor-swiper-button elementor-swiper-button-next\" role=\"button\" tabindex=\"0\">\n\t\t\t\t\t\t<svg aria-hidden=\"true\" class=\"e-font-icon-svg e-eicon-chevron-right\" viewBox=\"0 0 1000 1000\" xmlns=\"http:\/\/www.w3.org\/2000\/svg\"><path d=\"M696 533C708 521 713 504 713 487 713 471 708 454 696 446L400 146C388 133 375 125 354 125 338 125 325 129 313 142 300 154 292 171 292 187 292 204 296 221 308 233L563 492 304 771C292 783 288 800 288 817 288 833 296 850 308 863 321 871 338 875 354 875 371 875 388 867 400 854L696 533Z\"><\/path><\/svg>\t\t\t\t\t<\/div>\n\t\t\t\t\n\t\t\t\t\t\t\t\t\t<div class=\"swiper-pagination\"><\/div>\n\t\t\t\t\t\t\t\t\t<\/div>\n\t\t\t\t\t\t<\/div>\n\t\t\t\t<\/div>\n\t\t\t\t<\/div>\n\t\t<div class=\"elementor-element elementor-element-7f1eba6 e-con-full e-flex e-con e-child\" data-id=\"7f1eba6\" data-element_type=\"container\" data-e-type=\"container\">\n\t\t\t\t<div class=\"elementor-element elementor-element-572a4f6 elementor-widget elementor-widget-heading\" data-id=\"572a4f6\" data-element_type=\"widget\" data-e-type=\"widget\" data-widget_type=\"heading.default\">\n\t\t\t\t<div class=\"elementor-widget-container\">\n\t\t\t\t\t<h2 class=\"elementor-heading-title elementor-size-default\">Bienvenue<\/h2>\t\t\t\t<\/div>\n\t\t\t\t<\/div>\n\t\t\t\t<div class=\"elementor-element elementor-element-a44ac33 elementor-widget elementor-widget-text-editor\" data-id=\"a44ac33\" data-element_type=\"widget\" data-e-type=\"widget\" data-widget_type=\"text-editor.default\">\n\t\t\t\t<div class=\"elementor-widget-container\">\n\t\t\t\t\t\t\t\t\t<div><p>Bienvenue sur le site d\u2019Objectif Image 95, photo club de Soisy-sous-Montmorency, espace d\u00e9di\u00e9 \u00e0 notre passion commune, la photographie.<br \/>Dans notre club, les photographes de tous niveaux, des d\u00e9butants aux plus exp\u00e9riment\u00e9s, peuvent se rassembler pour <a href=\"https:\/\/www.objectifimage-95.fr\/index.php\/apprendre\/\">apprendre<\/a>, partager et s&rsquo;inspirer mutuellement.<br \/>Les centres d&rsquo;int\u00e9r\u00eats y sont multiples : reportage, street-art et street-photo, sport, portrait, voyages, photo animali\u00e8re, <a href=\"https:\/\/www.objectifimage-95.fr\/index.php\/resa-studio\/\">studio<\/a>, etc.<br \/>Nous sommes convaincus que la diversit\u00e9 des regards et des techniques enrichit notre pratique et nous pousse \u00e0 toujours nous d\u00e9passer.<br \/>Nous organisons r\u00e9guli\u00e8rement des <a href=\"https:\/\/www.objectifimage-95.fr\/index.php\/sorties-club\/\">sorties photo<\/a>, des <a href=\"https:\/\/www.objectifimage-95.fr\/index.php\/apprendre\/\">formations<\/a>, des <a href=\"https:\/\/www.objectifimage-95.fr\/index.php\/apprendre\/\">ateliers<\/a>, des <a href=\"https:\/\/www.objectifimage-95.fr\/index.php\/challenges-mensuels\/\">challenges<\/a> et participons \u00e0 des <a href=\"https:\/\/www.objectifimage-95.fr\/index.php\/concours-regionaux\/\">concours<\/a> et des <a href=\"https:\/\/www.objectifimage-95.fr\/index.php\/expositions\/\">expositions<\/a>. Ces \u00e9v\u00e9nements sont autant d&rsquo;occasions de nous perfectionner, d&rsquo;explorer de nouveaux horizons et de tisser des liens durables. Chaque membre apporte sa pierre \u00e0 l&rsquo;\u00e9difice, contribuant ainsi \u00e0 faire de <a href=\"https:\/\/www.objectifimage-95.fr\/index.php\/statuts-club\/\">notre club<\/a> un <a href=\"https:\/\/www.objectifimage-95.fr\/index.php\/cafe-photo\/\">lieu d&rsquo;\u00e9change<\/a> et de convivialit\u00e9.<\/p><\/div><div><p>Notre site internet est con\u00e7u pour \u00eatre une extension de notre club lequel se r\u00e9unit tous les 1er et 3\u00e8mes jeudis de chaque mois. Vous y trouverez les <a href=\"https:\/\/www.objectifimage-95.fr\/index.php\/sorties-club\/\">\u00e9v\u00e8nements<\/a> organis\u00e9s par le club, des <a href=\"https:\/\/www.objectifimage-95.fr\/index.php\/galeries-adherents\/\">galeries<\/a> de photos, des <a href=\"https:\/\/www.objectifimage-95.fr\/index.php\/sites-web\/\">tutoriels<\/a>, des conseils pour vos <a href=\"https:\/\/www.objectifimage-95.fr\/index.php\/logiciels\/\">logiciels<\/a> ou vos <a href=\"https:\/\/www.objectifimage-95.fr\/index.php\/boutiques\/\">achats<\/a>, des <a href=\"https:\/\/www.objectifimage-95.fr\/index.php\/actualites\/\">articles<\/a> inspirants et bien plus encore.<\/p><\/div><div><p>Michel GIRODEAU<br \/><em>Pr\u00e9sident du Photo Club Objectif Image 95<\/em><\/p><\/div>\t\t\t\t\t\t\t\t<\/div>\n\t\t\t\t<\/div>\n\t\t\t\t<\/div>\n\t\t\t\t\t<\/div>\n\t\t\t\t<\/div>\n\t\t\t\t<\/div>\n\t\t","protected":false},"excerpt":{"rendered":"<p>Bienvenue Bienvenue sur le site d\u2019Objectif Image 95, photo club de Soisy-sous-Montmorency, espace d\u00e9di\u00e9 \u00e0 notre passion commune, la photographie.Dans notre club, les photographes de tous niveaux, des d\u00e9butants aux plus exp\u00e9riment\u00e9s, peuvent se rassembler pour apprendre, partager et s&rsquo;inspirer mutuellement.Les centres d&rsquo;int\u00e9r\u00eats y sont multiples : reportage, street-art et street-photo, sport, portrait, voyages, photo [&hellip;]<\/p>\n","protected":false},"author":1,"featured_media":0,"parent":0,"menu_order":0,"comment_status":"closed","ping_status":"closed","template":"elementor_header_footer","meta":{"ocean_post_layout":"","ocean_both_sidebars_style":"","ocean_both_sidebars_content_width":0,"ocean_both_sidebars_sidebars_width":0,"ocean_sidebar":"","ocean_second_sidebar":"","ocean_disable_margins":"enable","ocean_add_body_class":"","ocean_shortcode_before_top_bar":"","ocean_shortcode_after_top_bar":"","ocean_shortcode_before_header":"","ocean_shortcode_after_header":"","ocean_has_shortcode":"","ocean_shortcode_after_title":"","ocean_shortcode_before_footer_widgets":"","ocean_shortcode_after_footer_widgets":"","ocean_shortcode_before_footer_bottom":"","ocean_shortcode_after_footer_bottom":"","ocean_display_top_bar":"default","ocean_display_header":"default","ocean_header_style":"","ocean_center_header_left_menu":"","ocean_custom_header_template":"","ocean_custom_logo":0,"ocean_custom_retina_logo":0,"ocean_custom_logo_max_width":0,"ocean_custom_logo_tablet_max_width":0,"ocean_custom_logo_mobile_max_width":0,"ocean_custom_logo_max_height":0,"ocean_custom_logo_tablet_max_height":0,"ocean_custom_logo_mobile_max_height":0,"ocean_header_custom_menu":"","ocean_menu_typo_font_family":"","ocean_menu_typo_font_subset":"","ocean_menu_typo_font_size":0,"ocean_menu_typo_font_size_tablet":0,"ocean_menu_typo_font_size_mobile":0,"ocean_menu_typo_font_size_unit":"px","ocean_menu_typo_font_weight":"","ocean_menu_typo_font_weight_tablet":"","ocean_menu_typo_font_weight_mobile":"","ocean_menu_typo_transform":"","ocean_menu_typo_transform_tablet":"","ocean_menu_typo_transform_mobile":"","ocean_menu_typo_line_height":0,"ocean_menu_typo_line_height_tablet":0,"ocean_menu_typo_line_height_mobile":0,"ocean_menu_typo_line_height_unit":"","ocean_menu_typo_spacing":0,"ocean_menu_typo_spacing_tablet":0,"ocean_menu_typo_spacing_mobile":0,"ocean_menu_typo_spacing_unit":"","ocean_menu_link_color":"","ocean_menu_link_color_hover":"","ocean_menu_link_color_active":"","ocean_menu_link_background":"","ocean_menu_link_hover_background":"","ocean_menu_link_active_background":"","ocean_menu_social_links_bg":"","ocean_menu_social_hover_links_bg":"","ocean_menu_social_links_color":"","ocean_menu_social_hover_links_color":"","ocean_disable_title":"on","ocean_disable_heading":"default","ocean_post_title":"Photo club de Soisy-sous-Montmorency","ocean_post_subheading":"","ocean_post_title_style":"background-image","ocean_post_title_background_color":"","ocean_post_title_background":9210,"ocean_post_title_bg_image_position":"","ocean_post_title_bg_image_attachment":"","ocean_post_title_bg_image_repeat":"","ocean_post_title_bg_image_size":"","ocean_post_title_height":0,"ocean_post_title_bg_overlay":0.2,"ocean_post_title_bg_overlay_color":"","ocean_disable_breadcrumbs":"default","ocean_breadcrumbs_color":"","ocean_breadcrumbs_separator_color":"","ocean_breadcrumbs_links_color":"","ocean_breadcrumbs_links_hover_color":"","ocean_display_footer_widgets":"default","ocean_display_footer_bottom":"default","ocean_custom_footer_template":"","footnotes":""},"class_list":["post-9647","page","type-page","status-publish","hentry","entry"],"yoast_head":"<!-- This site is optimized with the Yoast SEO plugin v27.3 - https:\/\/yoast.com\/product\/yoast-seo-wordpress\/ -->\n<title>Accueil - Objectif Image 95<\/title>\n<meta name=\"robots\" content=\"index, follow, max-snippet:-1, max-image-preview:large, max-video-preview:-1\" \/>\n<link rel=\"canonical\" href=\"https:\/\/www.objectifimage-95.fr\/\" \/>\n<meta property=\"og:locale\" content=\"fr_FR\" \/>\n<meta property=\"og:type\" content=\"article\" \/>\n<meta property=\"og:title\" content=\"Accueil - Objectif Image 95\" \/>\n<meta property=\"og:description\" content=\"Bienvenue Bienvenue sur le site d\u2019Objectif Image 95, photo club de Soisy-sous-Montmorency, espace d\u00e9di\u00e9 \u00e0 notre passion commune, la photographie.Dans notre club, les photographes de tous niveaux, des d\u00e9butants aux plus exp\u00e9riment\u00e9s, peuvent se rassembler pour apprendre, partager et s&rsquo;inspirer mutuellement.Les centres d&rsquo;int\u00e9r\u00eats y sont multiples : reportage, street-art et street-photo, sport, portrait, voyages, photo [&hellip;]\" \/>\n<meta property=\"og:url\" content=\"https:\/\/www.objectifimage-95.fr\/\" \/>\n<meta property=\"og:site_name\" content=\"Objectif Image 95\" \/>\n<meta property=\"article:modified_time\" content=\"2025-09-08T11:46:21+00:00\" \/>\n<meta property=\"og:image\" content=\"https:\/\/www.objectifimage-95.fr\/wp-content\/uploads\/2025\/02\/40-600x600.jpg\" \/>\n<meta name=\"twitter:card\" content=\"summary_large_image\" \/>\n<meta name=\"twitter:label1\" content=\"Dur\u00e9e de lecture estim\u00e9e\" \/>\n\t<meta name=\"twitter:data1\" content=\"3 minutes\" \/>\n<script type=\"application\/ld+json\" class=\"yoast-schema-graph\">{\"@context\":\"https:\\\/\\\/schema.org\",\"@graph\":[{\"@type\":\"WebPage\",\"@id\":\"https:\\\/\\\/www.objectifimage-95.fr\\\/\",\"url\":\"https:\\\/\\\/www.objectifimage-95.fr\\\/\",\"name\":\"Accueil - Objectif Image 95\",\"isPartOf\":{\"@id\":\"https:\\\/\\\/www.objectifimage-95.fr\\\/#website\"},\"primaryImageOfPage\":{\"@id\":\"https:\\\/\\\/www.objectifimage-95.fr\\\/#primaryimage\"},\"image\":{\"@id\":\"https:\\\/\\\/www.objectifimage-95.fr\\\/#primaryimage\"},\"thumbnailUrl\":\"https:\\\/\\\/www.objectifimage-95.fr\\\/wp-content\\\/uploads\\\/2025\\\/02\\\/40-600x600.jpg\",\"datePublished\":\"2025-03-13T16:45:37+00:00\",\"dateModified\":\"2025-09-08T11:46:21+00:00\",\"breadcrumb\":{\"@id\":\"https:\\\/\\\/www.objectifimage-95.fr\\\/#breadcrumb\"},\"inLanguage\":\"fr-FR\",\"potentialAction\":[{\"@type\":\"ReadAction\",\"target\":[\"https:\\\/\\\/www.objectifimage-95.fr\\\/\"]}]},{\"@type\":\"ImageObject\",\"inLanguage\":\"fr-FR\",\"@id\":\"https:\\\/\\\/www.objectifimage-95.fr\\\/#primaryimage\",\"url\":\"https:\\\/\\\/www.objectifimage-95.fr\\\/wp-content\\\/uploads\\\/2025\\\/02\\\/40.jpg\",\"contentUrl\":\"https:\\\/\\\/www.objectifimage-95.fr\\\/wp-content\\\/uploads\\\/2025\\\/02\\\/40.jpg\",\"width\":1920,\"height\":1280,\"caption\":\"40\"},{\"@type\":\"BreadcrumbList\",\"@id\":\"https:\\\/\\\/www.objectifimage-95.fr\\\/#breadcrumb\",\"itemListElement\":[{\"@type\":\"ListItem\",\"position\":1,\"name\":\"Accueil\",\"item\":\"https:\\\/\\\/www.objectifimage-95.fr\\\/\"},{\"@type\":\"ListItem\",\"position\":2,\"name\":\"Accueil\"}]},{\"@type\":\"WebSite\",\"@id\":\"https:\\\/\\\/www.objectifimage-95.fr\\\/#website\",\"url\":\"https:\\\/\\\/www.objectifimage-95.fr\\\/\",\"name\":\"Objectif Image-95\",\"description\":\"Photo club de Soisy-sous-Montmorency\",\"publisher\":{\"@id\":\"https:\\\/\\\/www.objectifimage-95.fr\\\/#organization\"},\"potentialAction\":[{\"@type\":\"SearchAction\",\"target\":{\"@type\":\"EntryPoint\",\"urlTemplate\":\"https:\\\/\\\/www.objectifimage-95.fr\\\/?s={search_term_string}\"},\"query-input\":{\"@type\":\"PropertyValueSpecification\",\"valueRequired\":true,\"valueName\":\"search_term_string\"}}],\"inLanguage\":\"fr-FR\"},{\"@type\":\"Organization\",\"@id\":\"https:\\\/\\\/www.objectifimage-95.fr\\\/#organization\",\"name\":\"Objectif Image-95\",\"url\":\"https:\\\/\\\/www.objectifimage-95.fr\\\/\",\"logo\":{\"@type\":\"ImageObject\",\"inLanguage\":\"fr-FR\",\"@id\":\"https:\\\/\\\/www.objectifimage-95.fr\\\/#\\\/schema\\\/logo\\\/image\\\/\",\"url\":\"https:\\\/\\\/www.objectifimage-95.fr\\\/wp-content\\\/uploads\\\/2025\\\/01\\\/Logo-520px.png\",\"contentUrl\":\"https:\\\/\\\/www.objectifimage-95.fr\\\/wp-content\\\/uploads\\\/2025\\\/01\\\/Logo-520px.png\",\"width\":520,\"height\":343,\"caption\":\"Objectif Image-95\"},\"image\":{\"@id\":\"https:\\\/\\\/www.objectifimage-95.fr\\\/#\\\/schema\\\/logo\\\/image\\\/\"}}]}<\/script>\n<!-- \/ Yoast SEO plugin. -->","yoast_head_json":{"title":"Accueil - Objectif Image 95","robots":{"index":"index","follow":"follow","max-snippet":"max-snippet:-1","max-image-preview":"max-image-preview:large","max-video-preview":"max-video-preview:-1"},"canonical":"https:\/\/www.objectifimage-95.fr\/","og_locale":"fr_FR","og_type":"article","og_title":"Accueil - Objectif Image 95","og_description":"Bienvenue Bienvenue sur le site d\u2019Objectif Image 95, photo club de Soisy-sous-Montmorency, espace d\u00e9di\u00e9 \u00e0 notre passion commune, la photographie.Dans notre club, les photographes de tous niveaux, des d\u00e9butants aux plus exp\u00e9riment\u00e9s, peuvent se rassembler pour apprendre, partager et s&rsquo;inspirer mutuellement.Les centres d&rsquo;int\u00e9r\u00eats y sont multiples : reportage, street-art et street-photo, sport, portrait, voyages, photo [&hellip;]","og_url":"https:\/\/www.objectifimage-95.fr\/","og_site_name":"Objectif Image 95","article_modified_time":"2025-09-08T11:46:21+00:00","og_image":[{"url":"https:\/\/www.objectifimage-95.fr\/wp-content\/uploads\/2025\/02\/40-600x600.jpg","type":"","width":"","height":""}],"twitter_card":"summary_large_image","twitter_misc":{"Dur\u00e9e de lecture estim\u00e9e":"3 minutes"},"schema":{"@context":"https:\/\/schema.org","@graph":[{"@type":"WebPage","@id":"https:\/\/www.objectifimage-95.fr\/","url":"https:\/\/www.objectifimage-95.fr\/","name":"Accueil - Objectif Image 95","isPartOf":{"@id":"https:\/\/www.objectifimage-95.fr\/#website"},"primaryImageOfPage":{"@id":"https:\/\/www.objectifimage-95.fr\/#primaryimage"},"image":{"@id":"https:\/\/www.objectifimage-95.fr\/#primaryimage"},"thumbnailUrl":"https:\/\/www.objectifimage-95.fr\/wp-content\/uploads\/2025\/02\/40-600x600.jpg","datePublished":"2025-03-13T16:45:37+00:00","dateModified":"2025-09-08T11:46:21+00:00","breadcrumb":{"@id":"https:\/\/www.objectifimage-95.fr\/#breadcrumb"},"inLanguage":"fr-FR","potentialAction":[{"@type":"ReadAction","target":["https:\/\/www.objectifimage-95.fr\/"]}]},{"@type":"ImageObject","inLanguage":"fr-FR","@id":"https:\/\/www.objectifimage-95.fr\/#primaryimage","url":"https:\/\/www.objectifimage-95.fr\/wp-content\/uploads\/2025\/02\/40.jpg","contentUrl":"https:\/\/www.objectifimage-95.fr\/wp-content\/uploads\/2025\/02\/40.jpg","width":1920,"height":1280,"caption":"40"},{"@type":"BreadcrumbList","@id":"https:\/\/www.objectifimage-95.fr\/#breadcrumb","itemListElement":[{"@type":"ListItem","position":1,"name":"Accueil","item":"https:\/\/www.objectifimage-95.fr\/"},{"@type":"ListItem","position":2,"name":"Accueil"}]},{"@type":"WebSite","@id":"https:\/\/www.objectifimage-95.fr\/#website","url":"https:\/\/www.objectifimage-95.fr\/","name":"Objectif Image-95","description":"Photo club de Soisy-sous-Montmorency","publisher":{"@id":"https:\/\/www.objectifimage-95.fr\/#organization"},"potentialAction":[{"@type":"SearchAction","target":{"@type":"EntryPoint","urlTemplate":"https:\/\/www.objectifimage-95.fr\/?s={search_term_string}"},"query-input":{"@type":"PropertyValueSpecification","valueRequired":true,"valueName":"search_term_string"}}],"inLanguage":"fr-FR"},{"@type":"Organization","@id":"https:\/\/www.objectifimage-95.fr\/#organization","name":"Objectif Image-95","url":"https:\/\/www.objectifimage-95.fr\/","logo":{"@type":"ImageObject","inLanguage":"fr-FR","@id":"https:\/\/www.objectifimage-95.fr\/#\/schema\/logo\/image\/","url":"https:\/\/www.objectifimage-95.fr\/wp-content\/uploads\/2025\/01\/Logo-520px.png","contentUrl":"https:\/\/www.objectifimage-95.fr\/wp-content\/uploads\/2025\/01\/Logo-520px.png","width":520,"height":343,"caption":"Objectif Image-95"},"image":{"@id":"https:\/\/www.objectifimage-95.fr\/#\/schema\/logo\/image\/"}}]}},"jetpack_sharing_enabled":true,"_links":{"self":[{"href":"https:\/\/www.objectifimage-95.fr\/index.php\/wp-json\/wp\/v2\/pages\/9647","targetHints":{"allow":["GET"]}}],"collection":[{"href":"https:\/\/www.objectifimage-95.fr\/index.php\/wp-json\/wp\/v2\/pages"}],"about":[{"href":"https:\/\/www.objectifimage-95.fr\/index.php\/wp-json\/wp\/v2\/types\/page"}],"author":[{"embeddable":true,"href":"https:\/\/www.objectifimage-95.fr\/index.php\/wp-json\/wp\/v2\/users\/1"}],"replies":[{"embeddable":true,"href":"https:\/\/www.objectifimage-95.fr\/index.php\/wp-json\/wp\/v2\/comments?post=9647"}],"version-history":[{"count":69,"href":"https:\/\/www.objectifimage-95.fr\/index.php\/wp-json\/wp\/v2\/pages\/9647\/revisions"}],"predecessor-version":[{"id":16627,"href":"https:\/\/www.objectifimage-95.fr\/index.php\/wp-json\/wp\/v2\/pages\/9647\/revisions\/16627"}],"wp:attachment":[{"href":"https:\/\/www.objectifimage-95.fr\/index.php\/wp-json\/wp\/v2\/media?parent=9647"}],"curies":[{"name":"wp","href":"https:\/\/api.w.org\/{rel}","templated":true}]}}