{"id":358,"date":"2025-01-27T21:22:47","date_gmt":"2025-01-27T20:22:47","guid":{"rendered":"https:\/\/www.objectifimage-95.fr\/?page_id=358"},"modified":"2026-04-08T07:56:23","modified_gmt":"2026-04-08T05:56:23","slug":"cafe-photo","status":"publish","type":"page","link":"https:\/\/www.objectifimage-95.fr\/index.php\/cafe-photo\/","title":{"rendered":"Caf\u00e9 photo"},"content":{"rendered":"\t\t<div data-elementor-type=\"wp-page\" data-elementor-id=\"358\" class=\"elementor elementor-358\">\n\t\t\t\t<div class=\"elementor-element elementor-element-fd57b6f e-flex e-con-boxed e-con e-parent\" data-id=\"fd57b6f\" data-element_type=\"container\" data-e-type=\"container\">\n\t\t\t\t\t<div class=\"e-con-inner\">\n\t\t\t\t<div class=\"elementor-element elementor-element-2a081ec elementor-widget elementor-widget-heading\" data-id=\"2a081ec\" data-element_type=\"widget\" data-e-type=\"widget\" data-widget_type=\"heading.default\">\n\t\t\t\t<div class=\"elementor-widget-container\">\n\t\t\t\t\t<h2 class=\"elementor-heading-title elementor-size-default\"><a href=\"https:\/\/www.objectifimage-95.fr\/wp-content\/uploads\/2026\/02\/2026-03-10-The-Cafe-photo.jpg\">Ordre du jour du prochain Caf\u00e9-photo - mardi 12 mai 2026<\/a><\/h2>\t\t\t\t<\/div>\n\t\t\t\t<\/div>\n\t\t\t\t\t<\/div>\n\t\t\t\t<\/div>\n\t\t<div class=\"elementor-element elementor-element-e44c151 e-flex e-con-boxed e-con e-parent\" data-id=\"e44c151\" data-element_type=\"container\" data-e-type=\"container\">\n\t\t\t\t\t<div class=\"e-con-inner\">\n\t\t<div class=\"elementor-element elementor-element-509a47f e-con-full e-flex e-con e-child\" data-id=\"509a47f\" data-element_type=\"container\" data-e-type=\"container\">\n\t\t\t\t<div class=\"elementor-element elementor-element-1531594 elementor-widget elementor-widget-image\" data-id=\"1531594\" data-element_type=\"widget\" data-e-type=\"widget\" data-widget_type=\"image.default\">\n\t\t\t\t<div class=\"elementor-widget-container\">\n\t\t\t\t\t\t\t\t\t\t\t\t\t\t\t\t<a href=\"https:\/\/www.objectifimage-95.fr\/wp-content\/uploads\/2026\/04\/2026-05-12-Cafe-photo.jpg\">\n\t\t\t\t\t\t\t<img fetchpriority=\"high\" decoding=\"async\" width=\"1024\" height=\"683\" src=\"https:\/\/www.objectifimage-95.fr\/wp-content\/uploads\/2026\/04\/2026-05-12-Cafe-photo-1024x683.jpg\" class=\"attachment-large size-large wp-image-18853\" alt=\"\" srcset=\"https:\/\/www.objectifimage-95.fr\/wp-content\/uploads\/2026\/04\/2026-05-12-Cafe-photo-1024x683.jpg 1024w, https:\/\/www.objectifimage-95.fr\/wp-content\/uploads\/2026\/04\/2026-05-12-Cafe-photo-300x200.jpg 300w, https:\/\/www.objectifimage-95.fr\/wp-content\/uploads\/2026\/04\/2026-05-12-Cafe-photo-768x512.jpg 768w, https:\/\/www.objectifimage-95.fr\/wp-content\/uploads\/2026\/04\/2026-05-12-Cafe-photo-1536x1024.jpg 1536w, https:\/\/www.objectifimage-95.fr\/wp-content\/uploads\/2026\/04\/2026-05-12-Cafe-photo.jpg 1920w\" sizes=\"(max-width: 1024px) 100vw, 1024px\" \/>\t\t\t\t\t\t\t\t<\/a>\n\t\t\t\t\t\t\t\t\t\t\t\t\t\t\t<\/div>\n\t\t\t\t<\/div>\n\t\t\t\t<\/div>\n\t\t<div class=\"elementor-element elementor-element-88f5b67 e-con-full e-flex e-con e-child\" data-id=\"88f5b67\" data-element_type=\"container\" data-e-type=\"container\">\n\t\t\t\t<div class=\"elementor-element elementor-element-b7dccad elementor-widget elementor-widget-text-editor\" data-id=\"b7dccad\" data-element_type=\"widget\" data-e-type=\"widget\" data-widget_type=\"text-editor.default\">\n\t\t\t\t<div class=\"elementor-widget-container\">\n\t\t\t\t\t\t\t\t\t<p><span style=\"color: #7a7a7a;\"><strong>L&rsquo;OBJECTIF DU CAF\u00c9-PHOTO<\/strong>\u00a0est de s&rsquo;enrichir mutuellement sur l&rsquo;art photographique en\u00a0<span style=\"font-family: Roboto, sans-serif; font-size: 15px; font-style: normal; font-variant-ligatures: normal; font-variant-caps: normal; font-weight: 400;\">\u00e9changeant sur\u00a0: <br \/>\u00a0 &#8211; Pourquoi je photographie ?<br \/>\u00a0 &#8211; Quel est mon style pr\u00e9f\u00e9r\u00e9 et pourquoi ?<br \/>\u00a0 &#8211; Quel est mon photographe pr\u00e9f\u00e9r\u00e9 et pourquoi ?<br \/>\u00a0 &#8211; Des s\u00e9ances d&rsquo;analyse d&rsquo;images.<br \/>\u00a0 &#8211; Les expositions \u00e0 voir.<br \/><\/span><span style=\"font-family: Roboto, sans-serif; font-size: 15px; font-style: normal; font-variant-ligatures: normal; font-variant-caps: normal; font-weight: 400;\">Le nombre de participants au Caf\u00e9-photo est limit\u00e9 \u00e0\u00a015 personnes.<\/span><\/span><br \/><span style=\"color: #7a7a7a;\">Deux exercices mensuels sont \u00e9galement organis\u00e9s (voir les d\u00e9tails ci-dessous) :<br \/>\u00a0 &#8211; Le style photographique (date limite d&rsquo;envoi le dimanche pr\u00e9c\u00e9dant le caf\u00e9 photo)<br \/>\u00a0 &#8211; Le cadavre exquis<\/span><\/p>\t\t\t\t\t\t\t\t<\/div>\n\t\t\t\t<\/div>\n\t\t\t\t<\/div>\n\t\t\t\t\t<\/div>\n\t\t\t\t<\/div>\n\t\t<div class=\"elementor-element elementor-element-db81d25 e-flex e-con-boxed e-con e-parent\" data-id=\"db81d25\" data-element_type=\"container\" data-e-type=\"container\">\n\t\t\t\t\t<div class=\"e-con-inner\">\n\t\t\t\t<div class=\"elementor-element elementor-element-4172596 elementor-widget-divider--view-line elementor-widget elementor-widget-divider\" data-id=\"4172596\" data-element_type=\"widget\" data-e-type=\"widget\" data-widget_type=\"divider.default\">\n\t\t\t\t<div class=\"elementor-widget-container\">\n\t\t\t\t\t\t\t<div class=\"elementor-divider\">\n\t\t\t<span class=\"elementor-divider-separator\">\n\t\t\t\t\t\t<\/span>\n\t\t<\/div>\n\t\t\t\t\t\t<\/div>\n\t\t\t\t<\/div>\n\t\t\t\t\t<\/div>\n\t\t\t\t<\/div>\n\t\t<div class=\"elementor-element elementor-element-24248bd e-flex e-con-boxed e-con e-parent\" data-id=\"24248bd\" data-element_type=\"container\" data-e-type=\"container\">\n\t\t\t\t\t<div class=\"e-con-inner\">\n\t\t\t\t<div class=\"elementor-element elementor-element-0c39aba elementor-widget elementor-widget-heading\" data-id=\"0c39aba\" data-element_type=\"widget\" data-e-type=\"widget\" data-widget_type=\"heading.default\">\n\t\t\t\t<div class=\"elementor-widget-container\">\n\t\t\t\t\t<h2 class=\"elementor-heading-title elementor-size-default\">Les photos des caf\u00e9istes<\/h2>\t\t\t\t<\/div>\n\t\t\t\t<\/div>\n\t\t\t\t\t<\/div>\n\t\t\t\t<\/div>\n\t\t<div class=\"elementor-element elementor-element-c6540bb e-flex e-con-boxed e-con e-parent\" data-id=\"c6540bb\" data-element_type=\"container\" data-e-type=\"container\">\n\t\t\t\t\t<div class=\"e-con-inner\">\n\t\t\t\t<div class=\"elementor-element elementor-element-4b368ac elementor-widget elementor-widget-heading\" data-id=\"4b368ac\" data-element_type=\"widget\" data-e-type=\"widget\" data-widget_type=\"heading.default\">\n\t\t\t\t<div class=\"elementor-widget-container\">\n\t\t\t\t\t<h3 class=\"elementor-heading-title elementor-size-default\"><a href=\"https:\/\/www.objectifimage-95.fr\/index.php\/w-evn-cafe-themes-photographiques\/\">Les styles photographiques<\/a><\/h3>\t\t\t\t<\/div>\n\t\t\t\t<\/div>\n\t\t\t\t\t<\/div>\n\t\t\t\t<\/div>\n\t\t<div class=\"elementor-element elementor-element-1cc6bd6 e-flex e-con-boxed e-con e-parent\" data-id=\"1cc6bd6\" data-element_type=\"container\" data-e-type=\"container\">\n\t\t\t\t\t<div class=\"e-con-inner\">\n\t\t<div class=\"elementor-element elementor-element-314038b e-con-full e-flex e-con e-child\" data-id=\"314038b\" data-element_type=\"container\" data-e-type=\"container\">\n\t\t\t\t<div class=\"elementor-element elementor-element-5afb43b elementor-widget elementor-widget-image\" data-id=\"5afb43b\" data-element_type=\"widget\" data-e-type=\"widget\" data-widget_type=\"image.default\">\n\t\t\t\t<div class=\"elementor-widget-container\">\n\t\t\t\t\t\t\t\t\t\t\t\t\t\t\t\t<a href=\"https:\/\/www.objectifimage-95.fr\/index.php\/w-evn-cafe-themes-photographiques\/\">\n\t\t\t\t\t\t\t<img decoding=\"async\" width=\"300\" height=\"200\" src=\"https:\/\/www.objectifimage-95.fr\/wp-content\/uploads\/2025\/02\/image-style-photos-1.jpg\" class=\"attachment-large size-large wp-image-4101\" alt=\"\" \/>\t\t\t\t\t\t\t\t<\/a>\n\t\t\t\t\t\t\t\t\t\t\t\t\t\t\t<\/div>\n\t\t\t\t<\/div>\n\t\t\t\t<\/div>\n\t\t<div class=\"elementor-element elementor-element-c84015f e-con-full e-flex e-con e-child\" data-id=\"c84015f\" data-element_type=\"container\" data-e-type=\"container\">\n\t\t\t\t<div class=\"elementor-element elementor-element-a384a45 elementor-widget elementor-widget-text-editor\" data-id=\"a384a45\" data-element_type=\"widget\" data-e-type=\"widget\" data-widget_type=\"text-editor.default\">\n\t\t\t\t<div class=\"elementor-widget-container\">\n\t\t\t\t\t\t\t\t\t<p><span style=\"color: #7a7a7a;\"><a style=\"color: #7a7a7a;\" href=\"https:\/\/www.objectifimage-95.fr\/index.php\/w-evn-cafe-themes-photographiques\/\"><strong>STYLES PHOTOGRAPHIQUES<\/strong> &#8211; Chaque mois le caf\u00e9 photo choisit un th\u00e8me sur lequel les participants devront travailler pour le mois suivant :<br \/>\u00a0 &#8211; Des exercices de style : \u00ab \u00e0 la fa\u00e7on de \u00bb.<br \/>\u00a0 &#8211; Des th\u00e8mes : photo de rue, photo de portrait, photo d\u2019architecture, macrophotographie, photo de natures mortes, photo culinaire, etc.<br \/>\u00a0 &#8211; Des exercices techniques : pose longue, ICM, etc.<\/a><\/span><\/p>\t\t\t\t\t\t\t\t<\/div>\n\t\t\t\t<\/div>\n\t\t\t\t<\/div>\n\t\t\t\t\t<\/div>\n\t\t\t\t<\/div>\n\t\t<div class=\"elementor-element elementor-element-b706ccd e-flex e-con-boxed e-con e-parent\" data-id=\"b706ccd\" data-element_type=\"container\" data-e-type=\"container\">\n\t\t\t\t\t<div class=\"e-con-inner\">\n\t\t\t\t<div class=\"elementor-element elementor-element-e019544 elementor-widget elementor-widget-heading\" data-id=\"e019544\" data-element_type=\"widget\" data-e-type=\"widget\" data-widget_type=\"heading.default\">\n\t\t\t\t<div class=\"elementor-widget-container\">\n\t\t\t\t\t<h3 class=\"elementor-heading-title elementor-size-default\"><a href=\"https:\/\/www.objectifimage-95.fr\/index.php\/w-evn-cafe-cadavres-exquis\/\">Le jeu du cadavre exquis<\/a><\/h3>\t\t\t\t<\/div>\n\t\t\t\t<\/div>\n\t\t\t\t\t<\/div>\n\t\t\t\t<\/div>\n\t\t<div class=\"elementor-element elementor-element-4ca582a e-flex e-con-boxed e-con e-parent\" data-id=\"4ca582a\" data-element_type=\"container\" data-e-type=\"container\">\n\t\t\t\t\t<div class=\"e-con-inner\">\n\t\t<div class=\"elementor-element elementor-element-d12e9f8 e-con-full e-flex e-con e-child\" data-id=\"d12e9f8\" data-element_type=\"container\" data-e-type=\"container\">\n\t\t\t\t<div class=\"elementor-element elementor-element-cd98b0b elementor-widget elementor-widget-image\" data-id=\"cd98b0b\" data-element_type=\"widget\" data-e-type=\"widget\" data-widget_type=\"image.default\">\n\t\t\t\t<div class=\"elementor-widget-container\">\n\t\t\t\t\t\t\t\t\t\t\t\t\t\t\t\t<a href=\"https:\/\/www.objectifimage-95.fr\/index.php\/w-evn-cafe-cadavres-exquis\/\">\n\t\t\t\t\t\t\t<img decoding=\"async\" width=\"300\" height=\"204\" src=\"https:\/\/www.objectifimage-95.fr\/wp-content\/uploads\/2025\/02\/image-cadavres-exquis.jpg\" class=\"attachment-large size-large wp-image-4103\" alt=\"\" \/>\t\t\t\t\t\t\t\t<\/a>\n\t\t\t\t\t\t\t\t\t\t\t\t\t\t\t<\/div>\n\t\t\t\t<\/div>\n\t\t\t\t<\/div>\n\t\t<div class=\"elementor-element elementor-element-fd47363 e-con-full e-flex e-con e-child\" data-id=\"fd47363\" data-element_type=\"container\" data-e-type=\"container\">\n\t\t\t\t<div class=\"elementor-element elementor-element-b198bcf elementor-widget elementor-widget-text-editor\" data-id=\"b198bcf\" data-element_type=\"widget\" data-e-type=\"widget\" data-widget_type=\"text-editor.default\">\n\t\t\t\t<div class=\"elementor-widget-container\">\n\t\t\t\t\t\t\t\t\t<p><span style=\"color: #7a7a7a;\"><a style=\"color: #7a7a7a;\" href=\"https:\/\/www.objectifimage-95.fr\/index.php\/w-evn-cafe-cadavres-exquis\/\"><strong>CADAVRE EXQUIS<\/strong> &#8211; Le Caf\u00e9-Photo se livre chaque mois au jeu \u00ab\u00a0Cadavre exquis\u00a0\u00bb<br \/>\u00a0 &#8211; Ce jeu est inspir\u00e9 du fameux \u00ab\u00a0cadavre exquis\u00a0\u00bb, jeu collectif invent\u00e9 vers 1925 par les surr\u00e9alistes. Il visait \u00e0 produire un texte \u00e0 l&rsquo;aide de fragments propos\u00e9s successivement par chaque joueur, chacun ignorant bien \u00e9videmment les propositions de ses pr\u00e9d\u00e9cesseurs, mais connaissant la nature que doit rev\u00eatir sa proposition, afin que le texte finalement form\u00e9 soit grammaticalement correct.<br \/>\u00a0 &#8211; Dans la version photographique du caf\u00e9-Photo Le premier propose la photo de d\u00e9part, le second doit imaginer une\u00a0 suite \u00e0 partir d&rsquo;un extrait la partie d&rsquo;image r\u00e9v\u00e9l\u00e9e par son pr\u00e9d\u00e9cesseur, et ainsi de suite. Cela donne un r\u00e9sultat unique et par nature impr\u00e9visible. Souvent po\u00e9tique et dr\u00f4le.<\/a><\/span><\/p>\t\t\t\t\t\t\t\t<\/div>\n\t\t\t\t<\/div>\n\t\t\t\t<\/div>\n\t\t\t\t\t<\/div>\n\t\t\t\t<\/div>\n\t\t\t\t<\/div>\n\t\t","protected":false},"excerpt":{"rendered":"<p>Ordre du jour du prochain Caf\u00e9-photo &#8211; mardi 12 mai 2026 L&rsquo;OBJECTIF DU CAF\u00c9-PHOTO\u00a0est de s&rsquo;enrichir mutuellement sur l&rsquo;art photographique en\u00a0\u00e9changeant sur\u00a0: \u00a0 &#8211; Pourquoi je photographie ?\u00a0 &#8211; Quel est mon style pr\u00e9f\u00e9r\u00e9 et pourquoi ?\u00a0 &#8211; Quel est mon photographe pr\u00e9f\u00e9r\u00e9 et pourquoi ?\u00a0 &#8211; Des s\u00e9ances d&rsquo;analyse d&rsquo;images.\u00a0 &#8211; Les expositions \u00e0 [&hellip;]<\/p>\n","protected":false},"author":1,"featured_media":0,"parent":0,"menu_order":0,"comment_status":"closed","ping_status":"closed","template":"","meta":{"ocean_post_layout":"","ocean_both_sidebars_style":"","ocean_both_sidebars_content_width":0,"ocean_both_sidebars_sidebars_width":0,"ocean_sidebar":"","ocean_second_sidebar":"","ocean_disable_margins":"enable","ocean_add_body_class":"","ocean_shortcode_before_top_bar":"","ocean_shortcode_after_top_bar":"","ocean_shortcode_before_header":"","ocean_shortcode_after_header":"","ocean_has_shortcode":"","ocean_shortcode_after_title":"","ocean_shortcode_before_footer_widgets":"","ocean_shortcode_after_footer_widgets":"","ocean_shortcode_before_footer_bottom":"","ocean_shortcode_after_footer_bottom":"","ocean_display_top_bar":"default","ocean_display_header":"default","ocean_header_style":"","ocean_center_header_left_menu":"","ocean_custom_header_template":"","ocean_custom_logo":0,"ocean_custom_retina_logo":0,"ocean_custom_logo_max_width":0,"ocean_custom_logo_tablet_max_width":0,"ocean_custom_logo_mobile_max_width":0,"ocean_custom_logo_max_height":0,"ocean_custom_logo_tablet_max_height":0,"ocean_custom_logo_mobile_max_height":0,"ocean_header_custom_menu":"","ocean_menu_typo_font_family":"","ocean_menu_typo_font_subset":"","ocean_menu_typo_font_size":0,"ocean_menu_typo_font_size_tablet":0,"ocean_menu_typo_font_size_mobile":0,"ocean_menu_typo_font_size_unit":"px","ocean_menu_typo_font_weight":"","ocean_menu_typo_font_weight_tablet":"","ocean_menu_typo_font_weight_mobile":"","ocean_menu_typo_transform":"","ocean_menu_typo_transform_tablet":"","ocean_menu_typo_transform_mobile":"","ocean_menu_typo_line_height":0,"ocean_menu_typo_line_height_tablet":0,"ocean_menu_typo_line_height_mobile":0,"ocean_menu_typo_line_height_unit":"","ocean_menu_typo_spacing":0,"ocean_menu_typo_spacing_tablet":0,"ocean_menu_typo_spacing_mobile":0,"ocean_menu_typo_spacing_unit":"","ocean_menu_link_color":"","ocean_menu_link_color_hover":"","ocean_menu_link_color_active":"","ocean_menu_link_background":"","ocean_menu_link_hover_background":"","ocean_menu_link_active_background":"","ocean_menu_social_links_bg":"","ocean_menu_social_hover_links_bg":"","ocean_menu_social_links_color":"","ocean_menu_social_hover_links_color":"","ocean_disable_title":"default","ocean_disable_heading":"default","ocean_post_title":"","ocean_post_subheading":"","ocean_post_title_style":"background-image","ocean_post_title_background_color":"","ocean_post_title_background":9120,"ocean_post_title_bg_image_position":"","ocean_post_title_bg_image_attachment":"","ocean_post_title_bg_image_repeat":"","ocean_post_title_bg_image_size":"","ocean_post_title_height":0,"ocean_post_title_bg_overlay":0.2,"ocean_post_title_bg_overlay_color":"","ocean_disable_breadcrumbs":"default","ocean_breadcrumbs_color":"","ocean_breadcrumbs_separator_color":"","ocean_breadcrumbs_links_color":"","ocean_breadcrumbs_links_hover_color":"","ocean_display_footer_widgets":"default","ocean_display_footer_bottom":"default","ocean_custom_footer_template":"","footnotes":""},"class_list":["post-358","page","type-page","status-publish","hentry","entry"],"yoast_head":"<!-- This site is optimized with the Yoast SEO plugin v27.5 - https:\/\/yoast.com\/product\/yoast-seo-wordpress\/ -->\n<title>Caf\u00e9 photo - Objectif Image 95<\/title>\n<meta name=\"robots\" content=\"index, follow, max-snippet:-1, max-image-preview:large, max-video-preview:-1\" \/>\n<link rel=\"canonical\" href=\"https:\/\/www.objectifimage-95.fr\/index.php\/cafe-photo\/\" \/>\n<meta property=\"og:locale\" content=\"fr_FR\" \/>\n<meta property=\"og:type\" content=\"article\" \/>\n<meta property=\"og:title\" content=\"Caf\u00e9 photo - Objectif Image 95\" \/>\n<meta property=\"og:description\" content=\"Ordre du jour du prochain Caf\u00e9-photo &#8211; mardi 12 mai 2026 L&rsquo;OBJECTIF DU CAF\u00c9-PHOTO\u00a0est de s&rsquo;enrichir mutuellement sur l&rsquo;art photographique en\u00a0\u00e9changeant sur\u00a0: \u00a0 &#8211; Pourquoi je photographie ?\u00a0 &#8211; Quel est mon style pr\u00e9f\u00e9r\u00e9 et pourquoi ?\u00a0 &#8211; Quel est mon photographe pr\u00e9f\u00e9r\u00e9 et pourquoi ?\u00a0 &#8211; Des s\u00e9ances d&rsquo;analyse d&rsquo;images.\u00a0 &#8211; Les expositions \u00e0 [&hellip;]\" \/>\n<meta property=\"og:url\" content=\"https:\/\/www.objectifimage-95.fr\/index.php\/cafe-photo\/\" \/>\n<meta property=\"og:site_name\" content=\"Objectif Image 95\" \/>\n<meta property=\"article:modified_time\" content=\"2026-04-08T05:56:23+00:00\" \/>\n<meta property=\"og:image\" content=\"https:\/\/www.objectifimage-95.fr\/wp-content\/uploads\/2026\/04\/2026-05-12-Cafe-photo.jpg\" \/>\n\t<meta property=\"og:image:width\" content=\"1920\" \/>\n\t<meta property=\"og:image:height\" content=\"1280\" \/>\n\t<meta property=\"og:image:type\" content=\"image\/jpeg\" \/>\n<meta name=\"twitter:card\" content=\"summary_large_image\" \/>\n<meta name=\"twitter:label1\" content=\"Dur\u00e9e de lecture estim\u00e9e\" \/>\n\t<meta name=\"twitter:data1\" content=\"2 minutes\" \/>\n<script type=\"application\/ld+json\" class=\"yoast-schema-graph\">{\"@context\":\"https:\\\/\\\/schema.org\",\"@graph\":[{\"@type\":\"WebPage\",\"@id\":\"https:\\\/\\\/www.objectifimage-95.fr\\\/index.php\\\/cafe-photo\\\/\",\"url\":\"https:\\\/\\\/www.objectifimage-95.fr\\\/index.php\\\/cafe-photo\\\/\",\"name\":\"Caf\u00e9 photo - Objectif Image 95\",\"isPartOf\":{\"@id\":\"https:\\\/\\\/www.objectifimage-95.fr\\\/#website\"},\"primaryImageOfPage\":{\"@id\":\"https:\\\/\\\/www.objectifimage-95.fr\\\/index.php\\\/cafe-photo\\\/#primaryimage\"},\"image\":{\"@id\":\"https:\\\/\\\/www.objectifimage-95.fr\\\/index.php\\\/cafe-photo\\\/#primaryimage\"},\"thumbnailUrl\":\"https:\\\/\\\/www.objectifimage-95.fr\\\/wp-content\\\/uploads\\\/2026\\\/04\\\/2026-05-12-Cafe-photo-1024x683.jpg\",\"datePublished\":\"2025-01-27T20:22:47+00:00\",\"dateModified\":\"2026-04-08T05:56:23+00:00\",\"breadcrumb\":{\"@id\":\"https:\\\/\\\/www.objectifimage-95.fr\\\/index.php\\\/cafe-photo\\\/#breadcrumb\"},\"inLanguage\":\"fr-FR\",\"potentialAction\":[{\"@type\":\"ReadAction\",\"target\":[\"https:\\\/\\\/www.objectifimage-95.fr\\\/index.php\\\/cafe-photo\\\/\"]}]},{\"@type\":\"ImageObject\",\"inLanguage\":\"fr-FR\",\"@id\":\"https:\\\/\\\/www.objectifimage-95.fr\\\/index.php\\\/cafe-photo\\\/#primaryimage\",\"url\":\"https:\\\/\\\/www.objectifimage-95.fr\\\/wp-content\\\/uploads\\\/2026\\\/04\\\/2026-05-12-Cafe-photo.jpg\",\"contentUrl\":\"https:\\\/\\\/www.objectifimage-95.fr\\\/wp-content\\\/uploads\\\/2026\\\/04\\\/2026-05-12-Cafe-photo.jpg\",\"width\":1920,\"height\":1280},{\"@type\":\"BreadcrumbList\",\"@id\":\"https:\\\/\\\/www.objectifimage-95.fr\\\/index.php\\\/cafe-photo\\\/#breadcrumb\",\"itemListElement\":[{\"@type\":\"ListItem\",\"position\":1,\"name\":\"Accueil\",\"item\":\"https:\\\/\\\/www.objectifimage-95.fr\\\/\"},{\"@type\":\"ListItem\",\"position\":2,\"name\":\"Caf\u00e9 photo\"}]},{\"@type\":\"WebSite\",\"@id\":\"https:\\\/\\\/www.objectifimage-95.fr\\\/#website\",\"url\":\"https:\\\/\\\/www.objectifimage-95.fr\\\/\",\"name\":\"Objectif Image-95\",\"description\":\"Photo club de Soisy-sous-Montmorency\",\"publisher\":{\"@id\":\"https:\\\/\\\/www.objectifimage-95.fr\\\/#organization\"},\"potentialAction\":[{\"@type\":\"SearchAction\",\"target\":{\"@type\":\"EntryPoint\",\"urlTemplate\":\"https:\\\/\\\/www.objectifimage-95.fr\\\/?s={search_term_string}\"},\"query-input\":{\"@type\":\"PropertyValueSpecification\",\"valueRequired\":true,\"valueName\":\"search_term_string\"}}],\"inLanguage\":\"fr-FR\"},{\"@type\":\"Organization\",\"@id\":\"https:\\\/\\\/www.objectifimage-95.fr\\\/#organization\",\"name\":\"Objectif Image-95\",\"url\":\"https:\\\/\\\/www.objectifimage-95.fr\\\/\",\"logo\":{\"@type\":\"ImageObject\",\"inLanguage\":\"fr-FR\",\"@id\":\"https:\\\/\\\/www.objectifimage-95.fr\\\/#\\\/schema\\\/logo\\\/image\\\/\",\"url\":\"https:\\\/\\\/www.objectifimage-95.fr\\\/wp-content\\\/uploads\\\/2025\\\/01\\\/Logo-520px.png\",\"contentUrl\":\"https:\\\/\\\/www.objectifimage-95.fr\\\/wp-content\\\/uploads\\\/2025\\\/01\\\/Logo-520px.png\",\"width\":520,\"height\":343,\"caption\":\"Objectif Image-95\"},\"image\":{\"@id\":\"https:\\\/\\\/www.objectifimage-95.fr\\\/#\\\/schema\\\/logo\\\/image\\\/\"}}]}<\/script>\n<!-- \/ Yoast SEO plugin. -->","yoast_head_json":{"title":"Caf\u00e9 photo - Objectif Image 95","robots":{"index":"index","follow":"follow","max-snippet":"max-snippet:-1","max-image-preview":"max-image-preview:large","max-video-preview":"max-video-preview:-1"},"canonical":"https:\/\/www.objectifimage-95.fr\/index.php\/cafe-photo\/","og_locale":"fr_FR","og_type":"article","og_title":"Caf\u00e9 photo - Objectif Image 95","og_description":"Ordre du jour du prochain Caf\u00e9-photo &#8211; mardi 12 mai 2026 L&rsquo;OBJECTIF DU CAF\u00c9-PHOTO\u00a0est de s&rsquo;enrichir mutuellement sur l&rsquo;art photographique en\u00a0\u00e9changeant sur\u00a0: \u00a0 &#8211; Pourquoi je photographie ?\u00a0 &#8211; Quel est mon style pr\u00e9f\u00e9r\u00e9 et pourquoi ?\u00a0 &#8211; Quel est mon photographe pr\u00e9f\u00e9r\u00e9 et pourquoi ?\u00a0 &#8211; Des s\u00e9ances d&rsquo;analyse d&rsquo;images.\u00a0 &#8211; Les expositions \u00e0 [&hellip;]","og_url":"https:\/\/www.objectifimage-95.fr\/index.php\/cafe-photo\/","og_site_name":"Objectif Image 95","article_modified_time":"2026-04-08T05:56:23+00:00","og_image":[{"width":1920,"height":1280,"url":"https:\/\/www.objectifimage-95.fr\/wp-content\/uploads\/2026\/04\/2026-05-12-Cafe-photo.jpg","type":"image\/jpeg"}],"twitter_card":"summary_large_image","twitter_misc":{"Dur\u00e9e de lecture estim\u00e9e":"2 minutes"},"schema":{"@context":"https:\/\/schema.org","@graph":[{"@type":"WebPage","@id":"https:\/\/www.objectifimage-95.fr\/index.php\/cafe-photo\/","url":"https:\/\/www.objectifimage-95.fr\/index.php\/cafe-photo\/","name":"Caf\u00e9 photo - Objectif Image 95","isPartOf":{"@id":"https:\/\/www.objectifimage-95.fr\/#website"},"primaryImageOfPage":{"@id":"https:\/\/www.objectifimage-95.fr\/index.php\/cafe-photo\/#primaryimage"},"image":{"@id":"https:\/\/www.objectifimage-95.fr\/index.php\/cafe-photo\/#primaryimage"},"thumbnailUrl":"https:\/\/www.objectifimage-95.fr\/wp-content\/uploads\/2026\/04\/2026-05-12-Cafe-photo-1024x683.jpg","datePublished":"2025-01-27T20:22:47+00:00","dateModified":"2026-04-08T05:56:23+00:00","breadcrumb":{"@id":"https:\/\/www.objectifimage-95.fr\/index.php\/cafe-photo\/#breadcrumb"},"inLanguage":"fr-FR","potentialAction":[{"@type":"ReadAction","target":["https:\/\/www.objectifimage-95.fr\/index.php\/cafe-photo\/"]}]},{"@type":"ImageObject","inLanguage":"fr-FR","@id":"https:\/\/www.objectifimage-95.fr\/index.php\/cafe-photo\/#primaryimage","url":"https:\/\/www.objectifimage-95.fr\/wp-content\/uploads\/2026\/04\/2026-05-12-Cafe-photo.jpg","contentUrl":"https:\/\/www.objectifimage-95.fr\/wp-content\/uploads\/2026\/04\/2026-05-12-Cafe-photo.jpg","width":1920,"height":1280},{"@type":"BreadcrumbList","@id":"https:\/\/www.objectifimage-95.fr\/index.php\/cafe-photo\/#breadcrumb","itemListElement":[{"@type":"ListItem","position":1,"name":"Accueil","item":"https:\/\/www.objectifimage-95.fr\/"},{"@type":"ListItem","position":2,"name":"Caf\u00e9 photo"}]},{"@type":"WebSite","@id":"https:\/\/www.objectifimage-95.fr\/#website","url":"https:\/\/www.objectifimage-95.fr\/","name":"Objectif Image-95","description":"Photo club de Soisy-sous-Montmorency","publisher":{"@id":"https:\/\/www.objectifimage-95.fr\/#organization"},"potentialAction":[{"@type":"SearchAction","target":{"@type":"EntryPoint","urlTemplate":"https:\/\/www.objectifimage-95.fr\/?s={search_term_string}"},"query-input":{"@type":"PropertyValueSpecification","valueRequired":true,"valueName":"search_term_string"}}],"inLanguage":"fr-FR"},{"@type":"Organization","@id":"https:\/\/www.objectifimage-95.fr\/#organization","name":"Objectif Image-95","url":"https:\/\/www.objectifimage-95.fr\/","logo":{"@type":"ImageObject","inLanguage":"fr-FR","@id":"https:\/\/www.objectifimage-95.fr\/#\/schema\/logo\/image\/","url":"https:\/\/www.objectifimage-95.fr\/wp-content\/uploads\/2025\/01\/Logo-520px.png","contentUrl":"https:\/\/www.objectifimage-95.fr\/wp-content\/uploads\/2025\/01\/Logo-520px.png","width":520,"height":343,"caption":"Objectif Image-95"},"image":{"@id":"https:\/\/www.objectifimage-95.fr\/#\/schema\/logo\/image\/"}}]}},"jetpack_sharing_enabled":true,"_links":{"self":[{"href":"https:\/\/www.objectifimage-95.fr\/index.php\/wp-json\/wp\/v2\/pages\/358","targetHints":{"allow":["GET"]}}],"collection":[{"href":"https:\/\/www.objectifimage-95.fr\/index.php\/wp-json\/wp\/v2\/pages"}],"about":[{"href":"https:\/\/www.objectifimage-95.fr\/index.php\/wp-json\/wp\/v2\/types\/page"}],"author":[{"embeddable":true,"href":"https:\/\/www.objectifimage-95.fr\/index.php\/wp-json\/wp\/v2\/users\/1"}],"replies":[{"embeddable":true,"href":"https:\/\/www.objectifimage-95.fr\/index.php\/wp-json\/wp\/v2\/comments?post=358"}],"version-history":[{"count":318,"href":"https:\/\/www.objectifimage-95.fr\/index.php\/wp-json\/wp\/v2\/pages\/358\/revisions"}],"predecessor-version":[{"id":18865,"href":"https:\/\/www.objectifimage-95.fr\/index.php\/wp-json\/wp\/v2\/pages\/358\/revisions\/18865"}],"wp:attachment":[{"href":"https:\/\/www.objectifimage-95.fr\/index.php\/wp-json\/wp\/v2\/media?parent=358"}],"curies":[{"name":"wp","href":"https:\/\/api.w.org\/{rel}","templated":true}]}}